e the prime factors of p?
3
Suppose 56 = -2*g + 96. List the prime factors of g.
2, 5
Let b = 0 - 0. Let v = -2 + b. Let n(z) = -z**3 + z + 2. What are the prime factors of n(v)?
2
Suppose 4 = -4*a + 2*a. Let l = a - -6. List the prime factors of l.
2
Let g(l) = -4*l**3 - 5. What are the prime factors of g(-2)?
3
Suppose 3*t = 33 - 6. Suppose 0 = 5*m - 3*p - 74 + 29, -m + 3*p + t = 0. List the prime factors of m.
3
Let k(c) = -2. Let h(m) = -5. Let y(j) = 3*h(j) - 7*k(j). Let r(d) = d + 5. Let l(b) = r(b) + 4*y(b). What are the prime factors of l(4)?
5
Suppose 0 = 2*y + 4 - 12. Suppose 0 = y*c + 21 - 93. List the prime factors of c.
2, 3
Let w(z) = z + 35. Let g(u) = 3*u + 87. Let r(l) = -5*g(l) + 12*w(l). List the prime factors of r(-12).
3, 7
Let v(s) = -39*s + 7. What are the prime factors of v(-2)?
5, 17
Suppose -4*d = 2*b - 60, -106 = -2*b + 3*d - 18. Suppose 4*f - b = 2*f. List the prime factors of f.
19
Suppose -57 = -4*d + 3*i, 7 + 11 = d + 3*i. Let c = -2 + d. What are the prime factors of c?
13
Suppose 0 = -4*a + 3*a. Let p(o) = -o**2 + o + 7. Let z be p(a). Suppose 2*h - z = -1. What are the prime factors of h?
3
Suppose 0 = -2*o + 6*o + 24. Let b(t) = -t**3 - 5*t**2 + 5*t - 2. Let p be b(o). Let s(k) = 3*k - 5. List the prime factors of s(p).
7
Let v be 6/(12/5)*6. List the prime factors of 264/9 - 5/v.
29
Suppose -4*h + 267 = -5*i + 791, -5*h - 421 = -4*i. Suppose i = 2*q + 2*q. List the prime factors of q.
2, 13
Let d = -8 + 47. List the prime factors of d.
3, 13
Let t = -8 - -12. List the prime factors of t.
2
Let o be (-100)/8*(-6)/5. Suppose -3*u + 6 = -o. Suppose i = -u + 21. What are the prime factors of i?
2, 7
Let b = 11 - 5. What are the prime factors of (22/b)/((-1)/(-6))?
2, 11
Let k(i) = -i**3 + 5*i**2 - i + 6. Let f be k(5). Let u be (-6)/8 + 181/(-4). List the prime factors of f/4 - u/8.
2, 3
Let r(p) = p**3 - 4*p**2 - 3*p + 4. What are the prime factors of r(6)?
2, 29
Suppose 0 = 3*d - 0*d. Suppose v + 13 = 2*y, d*v = 2*y + v - 23. What are the prime factors of y?
3
List the prime factors of ((-4)/(-6))/(3/(-216)*-3).
2
Let n = -24 - -15. Let p(i) = 29*i**3 + 13*i**2 - 5*i + 5. Let l(b) = -7*b**3 - 3*b**2 + b - 1. Let x(s) = n*l(s) - 2*p(s). What are the prime factors of x(1)?
2, 3
Let c = 1 - 1. Suppose 4*o - 17 = 3*i + 8, c = 4*o - 4*i - 24. List the prime factors of o.
7
List the prime factors of 1012/10 - 5/25.
101
Suppose u - 6 - 4 = 2*c, -6 = 3*u. Let y = 20 + c. List the prime factors of y.
2, 7
Let k(j) be the second derivative of j**4/12 - j**3 - 3*j**2 - j. Let i(y) = y**2 - 7*y + 8. Let l be i(7). List the prime factors of k(l).
2, 5
Let t be 18/15*20/6. Suppose g - t*g - 33 = 0. What are the prime factors of -2*(-2)/(-4)*g?
11
Suppose 7*q + 18 = 5*q. Let l = 28 + q. What are the prime factors of l?
19
Let j = 31 - 8. Let g = -12 + j. List the prime factors of (-126)/(-33) - (-2)/g.
2
Let h(z) = -z**2 - 7*z + 4. Suppose 3*u = -0*u + 4*x - 5, u = x - 3. Let n be h(u). Suppose -12 = -n*r + 56. What are the prime factors of r?
17
List the prime factors of (3 + (-3)/(-3))*(-3 + 8).
2, 5
Let d = -11 + 23. Let p(m) = -m**2 + 14*m - 13. What are the prime factors of p(d)?
11
Let w(j) = 3*j - 13. Let k be w(5). Suppose -5*b + 163 = 13. Suppose -3*m + 2 = -2*a + b, k*a - 2*m - 28 = 0. List the prime factors of a.
2, 7
Let j = 19 - -8. What are the prime factors of j?
3
Let w(y) = -7*y**3 + 12*y**2 - 7*y + 4. Let m(x) = -x**3 + x**2 - x. Let u(b) = 6*m(b) - w(b). List the prime factors of u(6).
2
Suppose -82 - 53 = -3*b. What are the prime factors of b?
3, 5
Suppose 0 = f + f - 5*g - 21, 5*f = -5*g. Suppose -86 - 94 = -f*t. Suppose -15 = 5*d - t. What are the prime factors of d?
3
Let k be 6*((-8)/(-3) + -2). Suppose -5*t + k*j = -50, 0*t = -5*t + j + 35. What are the prime factors of t?
2, 3
Suppose -4*u - 3*c - 179 = 0, 4*c - 192 + 48 = 4*u. Let z = u + 61. Suppose j - z = -4*j. What are the prime factors of j?
2
Let a = 153 + -106. List the prime factors of a.
47
Let f(h) = 2*h**2 + 22*h + 1. List the prime factors of f(-12).
5
Let q(h) = -h + 11. Let x be q(4). Let k(p) = p**2 + p - 6. List the prime factors of k(x).
2, 5
Suppose -3*w + 84 = -3*a, -w - 2*a + 28 = -0*w. What are the prime factors of w?
2, 7
Let l be 3 - ((-2 - -2) + 0). Let i = 3 - l. Suppose v - 16 = -4*g + 28, i = 5*g + 5*v - 55. What are the prime factors of g?
11
Let h(i) = -2*i**2 + 4*i - 3. Let t be h(2). What are the prime factors of 3*t/(18/(-20))?
2, 5
Let p = -7 + 4. Let s = 1 - p. What are the prime factors of s/(-8) + (-50)/(-4)?
2, 3
Suppose l = -4*j + 2*l + 135, 3*j - 110 = -l. What are the prime factors of j?
5, 7
Suppose 3*a - 40 = 4*w + 130, 2*a = 4*w + 112. List the prime factors of a.
2, 29
Suppose a - 5*a + 20 = 0. Suppose -4*s + a*s = 2. Suppose -i + 1 = -s. List the prime factors of i.
3
Let f(v) = -v + 1. Let z be f(-2). Suppose 184 - 58 = 5*t + 4*q, -z*q = 2*t - 56. List the prime factors of t.
2, 11
Let d be 17*(-1 - 0 - 1). Let l = d + 67. List the prime factors of l.
3, 11
Let q(x) = -x**3 + 4*x**2 + 4*x + 5. Let d be q(4). Let m = 34 - d. What are the prime factors of m?
13
Let p = 12 + -6. Let t = p + -1. List the prime factors of t.
5
Let b be (-1)/(-4) + 190/8. Suppose -5*m - 23 = -2*u, 3*u + 3*m = 7*m + b. What are the prime factors of u?
2
List the prime factors of 112 + (0 - 4) + 3.
3, 37
Suppose 5*p + 4 = -4*f, 0 = f + p - 0*p. Let r = 7 - f. What are the prime factors of r?
3
Suppose -3*t + 3*k = -5*t + 209, 2*t - 3*k - 215 = 0. What are the prime factors of t?
2, 53
Suppose -2*n - 3 - 3 = 0. List the prime factors of (-1 - (-3 + n))*3.
3, 5
Let r(n) = 12*n**3 + n**2 - 2*n + 1. Suppose 0*l + 5*l = 15. Suppose l*a + q + 2 = 0, -3*q - 28 + 11 = -2*a. What are the prime factors of r(a)?
2, 3
Let t(h) = -h**3 - 2*h**2 + 3*h - 1. Let l be t(2). Let m = l + 23. List the prime factors of m.
2, 3
Suppose -3*m = -s + 19, 3*s - 19 + 2 = m. Let k = -8 - -5. What are the prime factors of ((-6)/s)/(k/4)?
2
Suppose 0 = -d + 8*r - 3*r + 61, 3*d = -5*r + 143. What are the prime factors of d?
3, 17
Let a be 14/(-21) + 320/3. Suppose a = 5*c - 44. What are the prime factors of c?
2, 3, 5
Suppose y - 17 = -d, -y - 11 - 14 = -d. List the prime factors of d.
3, 7
Suppose 0 = 5*h - 5*b - 40, 7*h - 2*h = 2*b + 34. Let s = 43 + h. Suppose 5*m - s = -4. What are the prime factors of m?
3
Let d(f) = 5*f - 2. Suppose 2*z = -c + 16, -3*c + 2*z = z - 13. Let v be d(c). Suppose 2*g + v = 6*g. What are the prime factors of g?
7
Suppose -b - 219 = -4*b - 4*k, b - k = 73. Let h = b + -32. List the prime factors of h.
41
Suppose 5*g - m = 91 + 106, -3*g + 5*m + 105 = 0. List the prime factors of g.
2, 5
Let w = -2 + 18. Suppose 0 = 3*a - w - 2. List the prime factors of a.
2, 3
Let z = -5 + 7. Suppose -z*c - 2 + 4 = 0. Suppose -y - c = 0, -6*h = -h + 5*y - 25. What are the prime factors of h?
2, 3
Let r = 354 + -189. List the prime factors of r.
3, 5, 11
Let w(u) = -4*u**2 + 2*u - 1. Let h be w(1). List the prime factors of (70/(-15))/(1/h).
2, 7
What are the prime factors of 216/(-30)*(-40)/6?
2, 3
Let f = 65 - -133. List the prime factors of f.
2, 3, 11
Let s be ((-5)/2)/(4/(-8)). Suppose 21 = s*p - 14. List the prime factors of p.
7
Suppose -5 = w - 1, 0 = -n - 3*w - 6. Suppose z + 75 = n*z. List the prime factors of z.
3, 5
Suppose 5*d - 240 = -30. List the prime factors of d.
2, 3, 7
Let b be (-3)/(1*(3 - 4)). Suppose 2*p = 5*o - 122, 3*p = -b*o + 69 - 0. What are the prime factors of o?
2, 3
Let d = 5 - 3. Suppose 0*g = d*g. Suppose 0 = 3*x - g*x + 3*a, 5*x - 20 = 5*a. What are the prime factors of x?
2
Let c(s) = s**2 - 2*s - 20. Let l be c(0). List the prime factors of (-1)/(-5) + (-616)/l.
31
Let f(b) = -5*b**2 + 20*b - 6. Let v(g) = 6*g**2 - 21*g + 5. Let t(q) = 5*f(q) + 4*v(q). What are the prime factors of t(13)?
29
Suppose -7 = -h + 10. What are the prime factors of h*(0 + 3 + -1)?
2, 17
Suppose 7*p = 3*p - 212. Let o = -34 - p. List the prime factors of o.
19
Let r(l) be the first derivative of -4*l + 3*l**2 + 1/4*l**4 + 4 + 7/3*l**3. What are the prime factors of r(-5)?
2
Let z be 4/10 - (-56)/35. Suppose -3*a - 4*g + 21 = 2*a, -z*a + 5*g - 18 = 0. Suppose -3 = -2*f + a. What are the prime factors of f?
2
Suppose -a + 0 = -